301*v - 137. Calculate z(-3).
172
Let w(t) = -t**3 + 439*t**2 - 1314*t + 2612. Determine w(436).
-4
Let g(t) = 78*t**2 + 762*t - 1522. What is g(2)?
314
Let j(k) = k**3 - 52*k**2 - 411*k - 186. Give j(59).
-68
Let t(p) = -28000*p - 3248025. Calculate t(-116).
-25
Let g(b) = -84*b**2 - 597*b + 3394. Give g(6).
-3212
Let o(j) = -34*j**2 + 1840*j - 236. Give o(54).
-20
Let p(u) = u**3 - 45*u**2 + 346*u + 1686. What is p(33)?
36
Let r(b) = 57*b**2 + 13232*b + 53805. What is r(-228)?
-3
Let x(d) = d**2 + 1279*d + 253325. Determine x(-245).
-5
Let d(a) = -a**3 - 770*a**2 + 9376*a + 101. What is d(12)?
5
Let k(n) = -287*n - 6366. Determine k(-27).
1383
Let t(s) = 5*s**2 + 331*s - 7084. Give t(17).
-12
Let q(s) = -23*s**2 + 95*s - 16. Give q(-3).
-508
Let r(y) = -4*y**3 - 33*y**2 + 2*y + 133. Give r(-8).
53
Let x(o) = -o**3 + 95*o**2 + 1400*o - 5. Give x(-13).
47
Let g(r) = r**3 + 199*r**2 - 348*r - 71219. What is g(-199)?
-1967
Let f(r) = 827*r + 76337. Calculate f(-93).
-574
Let r(b) = -b**3 + 41*b**2 + 44*b - 2152. Determine r(41).
-348
Let o(x) = x**3 + 18*x**2 + 157*x + 935. What is o(-12)?
-85
Let y(r) = r**3 + 324*r**2 - 96*r - 135349. Calculate y(-323).
-12
Let g(l) = 335*l**2 + 7716*l - 37. Give g(-23).
-290
Let c(o) = -5*o**2 + 4526*o - 809165. What is c(660)?
-5
Let u(l) = -l**2 + 1742*l + 58655. Give u(-33).
80
Let p(m) = 2*m**3 + 16*m**2 - 4837*m - 24289. What is p(-5)?
46
Let j(n) = 1834277*n - 3668559. Calculate j(2).
-5
Let o(q) = 2*q**3 + 20*q**2 - 476*q - 5150. Calculate o(-13).
24
Let f(w) = 27*w**2 + 4373*w - 17513. Give f(4).
411
Let r(d) = -10*d**3 - 87*d**2 + 6750*d + 87. Give r(22).
-1
Let x(l) = 2*l**3 - 40*l**2 - 88*l - 140. What is x(21)?
-1106
Let n(x) = -x**2 + 26903*x - 940407. Give n(35).
-27
Let b(k) = -172*k**2 + 10*k - 1. Determine b(2).
-669
Let g(a) = -6*a**2 - 13*a + 26. Calculate g(-4).
-18
Let b(m) = -m**3 + 29*m**2 + 990*m - 443. Calculate b(49).
47
Let r(i) = 205*i**2 - 7508*i + 11647. Give r(35).
-8
Let g(k) = -3*k**3 + 4*k**2 + 2*k + 112. Calculate g(4).
-8
Let y(j) = j**2 + 142*j + 3111. Calculate y(-26).
95
Let o(g) = g**2 + 183*g + 8337. What is o(-104)?
121
Let m(n) = -267*n**2 - 481*n + 974. Determine m(2).
-1056
Let a(v) = 4009*v + 316730. Calculate a(-79).
19
Let s(o) = o**2 - 19044*o - 897270. What is s(-47)?
7
Let h(c) = -1842*c - 384957. Determine h(-209).
21
Let b(n) = -n**2 - 98*n + 391. Give b(-83).
1636
Let m(j) = 382*j + 2696. Give m(-7).
22
Let g(n) = -n**3 + 32*n**2 - 42*n + 29. Give g(0).
29
Let p(v) = 28337*v + 1530175. Calculate p(-54).
-23
Let b(p) = 104274*p - 729924. What is b(7)?
-6
Let j(l) = -10*l**3 + 401*l**2 - 1471*l - 179. Determine j(36).
1
Let h(w) = w**3 - 7*w**2 + 18779*w + 208746. What is h(-11)?
-1
Let x(q) = -q**3 - 385*q**2 + 668*q - 41025. Calculate x(-387).
-3
Let t(d) = -152*d**3 + 369*d**2 - 3*d + 2. What is t(3)?
-790
Let w(v) = -v**2 - 18461*v + 221420. Give w(12).
-256
Let t(q) = -744*q - 220559. Calculate t(-296).
-335
Let i(s) = -3*s**2 + 65*s + 1636. Determine i(56).
-4132
Let i(x) = -118*x**2 - 1125*x - 47. Determine i(-9).
520
Let w(h) = -2975*h + 407414. Give w(137).
-161
Let h(t) = -2*t**2 + 141*t + 8674. Give h(-40).
-166
Let y(t) = 106*t**2 - 7496*t - 46. Calculate y(71).
2084
Let b(p) = -11320*p - 2196078. Calculate b(-194).
2
Let t(y) = -12262*y - 147242. Give t(-12).
-98
Let v(d) = -37*d**2 - 1324*d + 225. What is v(-36)?
-63
Let s(v) = 583779*v - 19848484. Give s(34).
2
Let n(d) = -6*d**2 + 661*d + 17431. Give n(-22).
-15
Let i(t) = 43*t**2 - 15135*t - 1097. Determine i(352).
-745
Let o(i) = -503*i**3 - 29*i**2 - 27*i - 2. Give o(-1).
499
Let c(f) = -f**3 + 40*f**2 + 28*f - 770. Calculate c(41).
-1303
Let a(x) = -6910*x + 69099. What is a(10)?
-1
Let o(z) = 636*z - 288126. Determine o(453).
-18
Let y(t) = -t**3 + 418*t**2 - 5031*t + 6095. Give y(11).
1
Let v(h) = -2989*h + 1856168. What is v(621)?
-1
Let d(q) = -275197*q + 1100798. Give d(4).
10
Let k(d) = 266*d**2 + 19679*d - 232. Give k(-74).
138
Let u(p) = -p**2 + 56*p + 585. What is u(-29)?
-1880
Let g(w) = w**2 + 11862*w - 1280700. Determine g(107).
-17
Let u(x) = 123*x + 6870. Give u(-57).
-141
Let k(t) = -4*t**2 + 1371*t + 13567. What is k(-10)?
-543
Let m(j) = 3*j**3 + 58*j**2 + 43*j - 540. Determine m(-18).
-18
Let b(h) = 39683*h**2 + 79370*h - 9. What is b(-2)?
-17
Let o(l) = 12*l**2 - 371*l + 1964. What is o(24)?
-28
Let i(b) = 16*b**2 - 244*b - 1238. What is i(-5)?
382
Let r(n) = 737*n + 11029. What is r(-15)?
-26
Let a(w) = -15*w**3 - 15*w**2 - 5*w + 378. Give a(0).
378
Let r(j) = 8671*j - 121370. Calculate r(14).
24
Let x(f) = -7*f**3 - 53*f**2 + 1259*f - 287. What is x(10)?
3
Let y(p) = -12*p**3 + 1009*p**2 - 1072*p - 638. Calculate y(83).
-57
Let d(a) = -180*a + 6333. Determine d(53).
-3207
Let c(y) = -139*y + 37610. Give c(278).
-1032
Let z(d) = 5563*d - 38948. What is z(7)?
-7
Let w(g) = g**3 + 15*g**2 - 1648*g - 23269. What is w(-14)?
-1
Let x(m) = 1037*m - 7234. Calculate x(7).
25
Let w(h) = h**3 - 50*h**2 + 619*h + 172. Give w(25).
22
Let t(z) = -201*z - 37822. Determine t(-189).
167
Let g(i) = 638674*i + 4470730. Calculate g(-7).
12
Let j(g) = -14086*g + 563517. Calculate j(40).
77
Let s(d) = -34202*d - 718604. Give s(-21).
-362
Let f(c) = 41*c**2 + 4814*c + 84296. What is f(-96)?
8
Let z(r) = -r**3 - 11*r**2 + 1955*r + 11928. Calculate z(-6).
18
Let y(f) = -f**3 + 4*f**2 + 40*f - 109. Give y(9).
-154
Let g(q) = 5*q**2 + 221*q + 1136. Give g(-38).
-42
Let x(j) = -j**3 - 783*j**2 + 17681*j + 550. Determine x(22).
-88
Let y(z) = -z**3 - 48*z**2 - 218*z + 1149. What is y(-42)?
-279
Let v(w) = 1420*w + 15641. What is v(-11)?
21
Let a(h) = 2*h**3 + 101*h**2 + 129*h + 236. Give a(-48).
5564
Let c(a) = -19535*a - 175815. Determine c(-9).
0
Let d(s) = s**2 - 9839*s - 1844205. What is d(-184)?
27
Let k(i) = 187423*i - 1124561. Give k(6).
-23
Let d(l) = -l**2 + 47*l - 193. Determine d(38).
149
Let a(n) = -1700*n + 83338. Determine a(49).
38
Let x(z) = -12*z**2 + 1999*z - 690. Determine x(164).
4394
Let r(s) = -s**3 + 82*s**2 + 72*s + 1932. Calculate r(83).
1019
Let i(z) = -z**2 - 4294*z + 90093. Give i(21).
-522
Let o(g) = 9*g**3 - 28*g**2 - 13*g - 69. Give o(4).
7
Let g(j) = j**2 + 489*j + 13694. What is g(-29)?
354
Let w(c) = -2*c**3 - 843*c**2 + 410*c - 5074. Calculate w(-422).
-10
Let t(y) = -y**3 + 2*y**2 + 2018*y + 12000. Give t(-6).
180
Let s(r) = -80*r**2 - 4292*r - 42. Determine s(-52).
6822
Let l(p) = -1218*p + 195093. Give l(160).
213
Let n(i) = i**2 - 20400*i + 18329439. Calculate n(942).
3
Let q(i) = -1289*i - 9189. What is q(-7)?
-166
Let m(k) = 2*k**3 + 241*k**2 + 824*k - 266. Determine m(-117).
-851
Let h(k) = 2060*k + 2173305. Determine h(-1055).
5
Let o(m) = -2502351*m - 37535267. Give o(-15).
-2
Let i(u) = 2*u**2 + 241*u + 773. Determine i(-116).
-271
Let h(l) = -l**3 + 554*l**2 - 29679*l + 19240. Determine h(494).
-26
Let s(h) = h**3 + 158*h**2 - 633*h + 2478. Calculate s(-162).
48
Let o(w) = w**3 + 75*w**2 - 45*w + 2056. Determine o(-76).
-300
Let f(g) = -607*g + 13034. What is f(19)?
1501
Let c(g) = -g**3 + 6*g**2 - 427*g + 3046. Calculate c(7).
8
Let k(m) = m**2 - 112050*m + 672268. What is k(6)?
4
Let w(r) = -234293*r - 234275. What is w(-1)?
18
Let u(b) = 580*b - 28919. What is u(50)?
81
Let m(j) = -3*j**3 + 27*j**2 - 8*j - 29. What is m(9)?
-101
Let g(l) = 46333*l + 2872645. What is g(-62)?
-1
Let w(g) = -825*g**2 - 6015*g - 9. Give w(-7).
1671
Let a(n) = 19*n**3 + 1862*n**2 - 11*n - 1142. What is a(-98)?
-64
Let b(v) = -330*v - 3447. What is b(-11)?
183
Let n(l) = -51*l**2 - 8585*l - 200402. Give n(-28).
-6
Let o(c) = -58*c - 6166. What is o(-113)?
388
Let h(n) = 3*n**2 - 70*n - 85. Give h(24).
-37
Let p(h) = -42*h**2 - 125*h + 392. Calculate p(2).
-26
Let b(s) = s**2 + 2141*s - 911816. Give b(364).
4
Let r(v) = -426*v + 41131. Calculate r(97).
-191
Let q(w) = 3*w**2 + 238*w + 4552. Calculate q(-47).
-7
Let q(x) = -x**2 - 2614*x - 520155. Give q(-217).
-6
Let n(c) = c**3 - 5*c**2 - 1708*c + 15059. Calculate n(9).
11
Let z(h) = 5*h**3 + 791*h**2 + 2664*h + 28517. Calculate z(-155).
-3
Let t(p) = 59943*p - 4615603. Give t(77).
8
Let g(t) = -160*t**2 + 183*t + 3. Give g(1).
26
Let j(v) = -2*v**2 - 4667*v - 446697. What is j(-100)?
3
Let u(f) = -2*f**2 + 125*f - 